12)*2/x?
3
Suppose 2*m = -9 + 21. Suppose -a = -c + 307, -609 = m*c - 8*c - 3*a. List the prime factors of c.
2, 3, 17
Let n be (-8)/12 - (-38)/3. Suppose -y = -35 + n. Suppose -l = 3*d - 76 + 17, 2*l = -d + y. What are the prime factors of d?
19
Suppose 2*k - 56 = 2. Let b = -13 + k. What are the prime factors of (-4)/b + (-106)/(-8)?
13
Let t(g) = 3*g. Let v be t(7). Suppose v*q - 187 = 10*q. List the prime factors of q.
17
Let o(u) = 3*u**2 + 4*u + 4. Let p be o(-3). Suppose -2*r + p + 39 = -4*l, 4*r - 105 = -3*l. List the prime factors of r.
3
Let k = 5 - 5. Let j(s) = -3*s + 8*s + 37 - 4*s. List the prime factors of j(k).
37
Let n(h) = -4*h - 4*h + 0*h**2 + h**2. Let c(a) = -4*a**2 + 14*a - 3. Let x be c(2). What are the prime factors of n(x)?
3
Suppose 90*w = 94*w. Suppose w = 6*p - p - 55. What are the prime factors of p?
11
Let t(o) = 2*o - 10. Let d be t(6). Suppose g - 67 = 2*a, 0 = -3*g - a + d*a + 176. What are the prime factors of g?
3, 19
Let r(c) = 10*c**3 + c + 1. Let v be r(-1). Let b be (-26)/v + 4/10. Let h = 3 + b. List the prime factors of h.
2, 3
Let g = 191 + 480. What are the prime factors of g?
11, 61
Suppose i - 290 = -8*h + 5*h, 5*h = -3*i + 486. Suppose -2*g + h = -6. What are the prime factors of g?
3, 17
Suppose -4*u + 36 = -5*n, 0 = -3*u - n + 33 - 6. Suppose 0 = -u*r - 4*r + 2106. What are the prime factors of r?
2, 3
Let f = -6 + 11. Suppose f*c = 8*c - 387. List the prime factors of c.
3, 43
Suppose 1810 = -1109*f + 1111*f. List the prime factors of f.
5, 181
Let v(t) be the third derivative of -t**5/30 + 7*t**4/24 + t**3/6 + 2*t**2. Let k be v(6). List the prime factors of (-5)/(-25) - k/5.
2, 3
Suppose -1228 - 1022 = -2*n. List the prime factors of n.
3, 5
Let p(b) = -10*b + 0 + 3 + 2*b. Let d = -246 + 241. List the prime factors of p(d).
43
Let k = 89 - 213. Let r = 86 - k. List the prime factors of r.
2, 3, 5, 7
Let f(j) = j**3 + 36*j**2 + 68*j + 2. Let r be f(-34). List the prime factors of -1 + r + (8 - (-1620)/6).
3, 31
Suppose -2*p + 0*d + 3*d - 103 = 0, -3*d = 4*p + 179. Let z = p - -123. What are the prime factors of z?
2, 19
Let n = -519 + 1964. List the prime factors of n.
5, 17
Let g be (-1*1/3)/((-7)/(-21)). List the prime factors of (-106 + 8 + (-4 - g))/(-1).
101
Suppose 2*r - 888 = 4*n, 0 = -3*r - 2*n + 355 + 945. Let u = r - 275. List the prime factors of u.
7, 23
Let y(v) = 4*v**2 - 6*v**2 + 2*v**3 + 0*v**2 - v - 4*v. List the prime factors of y(4).
2, 19
Let h(d) be the second derivative of -d**4/12 + 3*d**3/2 - 5*d**2 - 2*d. Let q be h(6). Suppose 5*o + a - q = 33, 5*a = 2*o - 38. List the prime factors of o.
3
Let z(y) = 7*y**2 - 11*y - 2. Let b(q) = 6*q**2 - 10*q - 2. Let h(k) = -6*b(k) + 5*z(k). Let p be h(4). Suppose -p*s = -4*s - 6. List the prime factors of s.
3
Suppose 3*z = 4*h - 13, -2*h - 6 = -0*h - 4*z. Suppose 32 = -3*t + h*t. Let x = 27 - t. What are the prime factors of x?
19
Suppose 8048 = 3*p + v, p - 2684 = -7*v + 8*v. List the prime factors of p.
2683
Let f = 315 + 9. Let u = f + -188. Let l = u - 87. What are the prime factors of l?
7
Suppose -845 = -40*v + 515. What are the prime factors of v?
2, 17
Let l(i) = i**3 - 2*i**2 - 5*i - 2. Let j be l(4). Let w be (-9)/(-6)*j/3. What are the prime factors of (w - 6)/(2/(-6))?
3
Let c be (-4 + 11)/(1/(-34)). Let j = -92 - c. List the prime factors of j.
2, 73
Let i be 4 + (-13)/(39/(-198)). Let r(k) = -k + 1. Let v be r(-2). Suppose 95 = 4*j + m, -v*j - m = -0*m - i. What are the prime factors of j?
5
Let l = 427 - 281. Let a = l - 68. List the prime factors of a.
2, 3, 13
Suppose -31 = -4*p + 5*l - 2*l, -p = 4*l + 16. Suppose -p*f = -w + 43, 5*w = 4*f - 6*f + 193. Let x = 113 - w. What are the prime factors of x?
2, 37
Let p(k) = -k**2 - 27*k + 28. Let g be p(-28). Let m be (1 - 2) + 0 + 139. Suppose -2*v + z + 92 = g, 0*v - 3*v + m = -3*z. List the prime factors of v.
2, 23
Let i = -11 - 12. What are the prime factors of (i + -10)*(-4)/3?
2, 11
Let z = 132 + 79. Suppose 2*g = -5*a + z, -2*g + 9 = g. List the prime factors of a.
41
Let x = 41 - 27. Suppose 0 = -3*l - 6, -x = 5*y + 2*l - 0*l. Let z = 14 + y. List the prime factors of z.
2, 3
List the prime factors of (18/(-6))/((-6)/1388).
2, 347
Let r = -438 + 297. Let x = 283 + r. What are the prime factors of x?
2, 71
Suppose -1473*r = -1471*r - 5504. List the prime factors of r.
2, 43
List the prime factors of 1/(-4*(-5)/8560) + -3.
5, 17
Let p(f) = -5*f + 15. Let w be p(10). Let g = w - -27. Let u(j) = -9*j - 2. What are the prime factors of u(g)?
2, 5, 7
Suppose -4*j + 9*j = 965. Suppose -2*s + j = -183. Suppose 5*z - 244 = -a, 4*a = -4*z + 5*a + s. What are the prime factors of z?
2, 3
Let r(i) = 62*i - 2. Let w be r(4). What are the prime factors of 52/(-39)*w/(-4)?
2, 41
Let d(v) = 3*v - 5. Let j(r) = r**2 + 4*r + 9. Let q be j(-7). Suppose -2*t - 23 = -4*i + 19, -2*i + 4*t + q = 0. What are the prime factors of d(i)?
2, 11
Let z(i) = 2*i**2 - 10*i - 3. List the prime factors of z(-7).
3, 5, 11
Let h(s) = s**2 - 17*s + 14. Let y be h(15). Let m = y - -203. What are the prime factors of m?
11, 17
Suppose 31*z = 2*z + 22765. What are the prime factors of z?
5, 157
Let y(a) = 30*a + 29. Let o = -35 - -39. What are the prime factors of y(o)?
149
Let o = 586 - 408. Let j = o - 111. List the prime factors of j.
67
Suppose -14 = -2*x + 3*r, -4*x + 10 + 18 = 4*r. Suppose 6*t + 70 = x*t. List the prime factors of t.
2, 5, 7
Suppose -4*y - y - 4*x + 2285 = 0, 0 = -2*y + 2*x + 896. List the prime factors of y.
3, 151
Let d be 188/(-16) - (-1)/(-4). Let z be 16/d*(-3)/2. List the prime factors of (-4)/(-8)*3*z.
3
Let k = -86 - -126. Suppose -3*b - k = m - 112, -54 = -m + 3*b. List the prime factors of m.
3, 7
List the prime factors of (-181935)/(-325) - 12/(-10).
3, 11, 17
List the prime factors of (-2)/(1*-10) - 2036/(-20).
2, 3, 17
Suppose 16*v = 9*v + 497. What are the prime factors of v?
71
Let k(d) = -d + 5. Let p be k(9). What are the prime factors of -37*((-1)/4)/(p/(-16))?
37
Suppose 0 = -s - s + 6, -3*s - 775 = -2*l. Suppose -4*u = w - l, 3*w + 87 = 3*u - 207. List the prime factors of u.
2, 7
Suppose -2*s = -5*s - 1824. Let q = 851 + s. List the prime factors of q.
3
Let m(x) = -6*x**2 + 6*x - 2. Let b(p) = -7*p**2 + 6*p - 2. Let f(u) = 5*b(u) - 6*m(u). Let s be f(6). List the prime factors of ((-3)/s)/((-18)/96).
2
Let b(h) = 6*h**2 + 7*h - 5. Let j(s) = 4*s - 43. Let a be j(12). List the prime factors of b(a).
2, 3, 5
Let w(d) be the first derivative of 6 + 7*d + 11/2*d**2 + 2/3*d**3. What are the prime factors of w(-7)?
2, 7
Let c(z) = 106*z - 109. What are the prime factors of c(7)?
3, 211
Suppose -168 - 108 = 2*x. Let q = -29 - x. Suppose -3*y + q = 1. List the prime factors of y.
2, 3
Suppose 6 = t - 3*v, -3*v + 5*v + 11 = 3*t. Suppose -2*z = t*z. Suppose z = 3*n - i - 198 + 34, 4*n - 3*i = 227. List the prime factors of n.
53
Let n be 2/1*(-77)/22. Let w = n + 3. List the prime factors of (w/10)/((-8)/80).
2
Let x = 7 - 5. Let v = x - 0. Suppose -c - 9 = -v*c. What are the prime factors of c?
3
Let s be (-520)/(-16)*(2 - -2*1). Let c = s - 78. List the prime factors of c.
2, 13
Suppose 8*y = -d + 12*y + 3820, -5*d + 2*y = -19154. What are the prime factors of d?
2, 479
Let x(k) = -4*k + 171. List the prime factors of x(36).
3
Suppose -6*p + 13 = -p + t, 3*p - 1 = -4*t. Suppose -12 = 3*k, 35 = a + p*k - k. List the prime factors of a.
43
Let n(y) be the first derivative of -y**3/3 - 3*y**2 - 5*y - 6. Let w be n(-4). Suppose 9 = w*k, -5*r + 14 = 5*k - 71. List the prime factors of r.
2, 7
Suppose 0 = 3*p - 5*q - 3162 + 1100, -4*p + 2788 = 3*q. What are the prime factors of p?
2, 347
Suppose -10 = -2*y - 0. Suppose 5*v - 5*j + 0 = y, -4*j = 2*v + 4. Suppose -5*z + 0*z + 10 = v. What are the prime factors of z?
2
Let g be (-3)/6 - 33/(-6). Suppose 0 = -2*f + 4*w + 132, 0*f + 2*w + 314 = g*f. What are the prime factors of f?
2, 31
Suppose -3*n = -4*n. Suppose m - j - 8 = n, -m + 2*j = -3*m. List the prime factors of -3 - 48/(-1*m).
3
Let w(v) be the first derivative of 7*v**2/2 - 4*v + 1. Let z be (-1 + 2/8)*-4. What are the prime factors of w(z)?
17
Let v(c) = 7*c - c**3 - 117*c**2 + 1 + 123*c**2 - 1 + 2. Let s be (-2)/(-3)*12 + -2. List the prime factors of v(s